 = 0*a**3 - a**3 - 2*a**2 + 6*a**2 + 3 + a**2 - 6*a. Determine l(r).
-5
Let k be ((-6)/(-4))/((-18)/12). Let j(w) be the third derivative of 1/6*w**3 + 0 + 0*w + 1/24*w**4 - 1/10*w**5 - 2*w**2. What is j(k)?
-6
Let w(j) = j**3 + 5*j**2 - j - 1. Suppose 0 = -14*o + 5 - 61. Give w(o).
19
Let k(f) = -f**2. Let d(q) = 3*q**2 - 6*q - 4. Let i(v) = d(v) + 4*k(v). Suppose 0 = -2*u - 6*u - 32. Determine i(u).
4
Suppose 2*h - 5*z - 31 = 0, 14 - 1 = h - 2*z. Let m(l) = h*l**2 - 3 + 1 + 4*l**2 - 6*l**2 - l. Suppose 2*o + 2*o = -8. Calculate m(o).
4
Let f(m) be the second derivative of -m**4/12 + m**3 + m**2 - 4*m. Suppose 0 = -v - 1 + 6. Determine f(v).
7
Suppose 2*k - 17 - 6 = -5*i, 0 = 3*i + k - 14. Let t(r) = -r**2 + 4*r - 2. Calculate t(i).
-7
Let z(x) = -x**2 + 2*x + 2. Suppose 9*g + 10 = 64. Calculate z(g).
-22
Suppose 0 = k + 2*n + 3, 3*k - 3 = -3*n - 6. Let l(v) = v. Give l(k).
1
Let s(d) = d**2 + 5*d - 7. Suppose -4*x - 8 = 20. Give s(x).
7
Let o be (10/4)/((-2)/4). Let x = o + 7. Let u(y) be the third derivative of y**5/30 + y**4/6 - y**3/2 + 4*y**2. Calculate u(x).
13
Suppose -2*k + 12 = 2. Let o(m) = -4*m + 7. Calculate o(k).
-13
Let n(o) = -o**3 - 3*o**2. Let h = -7 - -4. Let q = h - 0. Determine n(q).
0
Suppose -o + 8 = o. Suppose -2*j - 5 = -3*j + k, o*k = 3*j - 20. Suppose q - 2 - 3 = j. Let f(l) = l + 2. What is f(q)?
7
Suppose -2*i + 4 = -5*i - 2*n, -2*n = 5*i + 8. Let c(r) = r**3 - 2*r**2 - 2*r + 1. Determine c(i).
-11
Let a(y) = y**3 - 5*y**2 - 5*y - 1. Let s be a(6). Let k(g) = 3*g**3 - 4*g**2 - 6*g - 2. Let h(m) = -m**3 + 1. Let f(j) = -2*h(j) - k(j). Calculate f(s).
5
Let h(q) = -7*q**2 + 0*q**2 + 6*q**2 - 1 + 2*q**2 + 6*q. What is h(-5)?
-6
Let a(g) = -g**3 + 4*g**2 + 7*g - 6. Suppose -2*f - 3*k + 10 = 0, 3 = 2*f + k - 7. Let o be a(f). Let u(w) = -w**2 + 4*w - 2. Calculate u(o).
-2
Let t(z) = -4*z**2 - 2*z - 1. Let m(o) = 5*o**2 + 3*o + 1. Let n(l) = 6*m(l) + 7*t(l). Give n(-4).
15
Let z(g) be the third derivative of -g**6/720 - g**5/120 - g**4/4 - 3*g**2. Let b(l) be the second derivative of z(l). What is b(-3)?
2
Suppose 3 = 5*v - 12. Let j(r) = r**3 - r**2 - 3*r - 4. Determine j(v).
5
Let u(h) be the third derivative of h**6/120 + h**5/30 - h**4/6 - 2*h**3/3 + 5*h**2. Let b be u(-3). Let c(d) = 2*d + 1. Determine c(b).
-1
Let x(k) = 7*k**2 - 10*k - 1. Let a(j) = -3*j**2 - 3*j. Let g be a(-2). Let l(p) = -8*p**2 + 11*p. Let u(b) = g*l(b) - 7*x(b). What is u(5)?
2
Let s be (-49)/(-14) - (-2)/(-4). Suppose 2*j + s*j = 30. Let y(m) = -7*m**2 + 3*m + 12. Let i(q) = -3*q**2 + 2*q + 6. Let t(w) = 5*i(w) - 2*y(w). What is t(j)?
-6
Let z(g) be the first derivative of -g**4/4 + 2*g**3/3 + 3*g**2 - 5*g - 8. Determine z(4).
-13
Suppose 4*w - 12 - 12 = 0. Let b = w - 4. Let t = b - -3. Let s(c) = -c**3 + 5*c**2 - c + 1. What is s(t)?
-4
Let v(n) = 2*n**2 - n + 3. Let h(j) = j**2 - 2*j + 4. Let b(l) = -3*h(l) + 2*v(l). Give b(-6).
6
Let y(w) be the first derivative of w**4/4 - w**3 + w**2 + w + 11. Give y(3).
7
Let n be (1/(-3))/((-4)/24). Let j(v) = -n*v + v - v**2 - 2*v. Give j(-4).
-4
Suppose -3*i - 5*f = -60, -f + 126 = 4*i + 29. Suppose 0 = -4*p - 9 + i. Let c(u) = 2*u - 4. Calculate c(p).
4
Let o(i) = 2*i + 1 - 4 + 5*i**2 + 0*i**3 - i**3 + 6*i. Calculate o(6).
9
Let f = 21 - 18. Let p(k) be the second derivative of -5*k**3/6 + 2*k**2 - k. Determine p(f).
-11
Let n(m) = -4*m - 1 + 3*m + 2*m. Let s be 3/(0 + (3 - 2)). Let c be -1 + s + (-3 - -2). Calculate n(c).
0
Let x(m) = m**3 - 6*m**2 + 3*m + 1. Let u(s) = s - 1. Suppose -4*k - 4*a - 3 = 1, 0 = -3*k - 2*a - 1. Let j be 6*-2*k/(-2). Let c be u(j). What is x(c)?
-9
Let r(m) = 3 - 9*m - m - m**2 + 15*m. What is r(5)?
3
Let x be -14*-2*3/(-12). Let d = 4 + x. Let h(q) = q**3 + 4*q**2 - q - 4. Give h(d).
8
Let a be (-6)/(-15)*(6 - 1). Let m be (1 + (-15)/6)*a. Let h(x) = x**2 + x + 4. What is h(m)?
10
Let a(o) be the first derivative of 1/60*o**5 - 5/6*o**3 + 2 - 1/8*o**4 + 0*o + 1/2*o**2. Let u(q) be the second derivative of a(q). Give u(4).
-1
Let s(k) be the second derivative of k**8/6720 - k**7/630 - k**6/720 + k**5/120 - k**4/12 - k. Let t(h) be the third derivative of s(h). Give t(4).
-3
Let b(m) = -2*m**3 - 2*m**2 + 2*m + 3. Let h(l) = l + 1. Let a be h(4). Suppose -a*u - 5*r = 0, -5*u - 1 - 19 = -5*r. Calculate b(u).
7
Suppose -d = -l + 4*l + 2, 0 = 5*l + 3*d + 6. Suppose 5*p = 3*f + 31, l*p = p + 3*f + 1. Let r(c) = c**3 - 7*c**2 + 6*c + 7. Determine r(p).
-13
Let c(f) = -f**3 + 6*f**2 - 4*f - 4. Let p = -17 + 25. Suppose -5*m = 3*j + 5, -5*j + 25 + p = -2*m. Give c(j).
1
Let i(k) = -10*k**2 - k - 1. Suppose 3*m - 21 = 3*o - 0*o, 0 = o + 2. Suppose 3*q = -8 + m. Determine i(q).
-10
Let p be 4/12 + (-74)/6. Let j = -9 - p. Let y(h) = h**3 - 4*h**2 - 2*h + 4. Give y(j).
-11
Let i(h) = 3*h - 16. Let n(w) = -4*w + 17. Let j(a) = -5*i(a) - 4*n(a). Calculate j(-6).
6
Suppose b - 3 = 5*d, -2*b - 3*d + 6 = 2*d. Let z(k) = 3*k**3 + 4*k**2 - k - 8. Let m(u) = 4*u**3 + 3*u**2 - u - 9. Let s(i) = b*z(i) - 2*m(i). Determine s(-6).
0
Let i(l) be the second derivative of -l**3/3 - l. Give i(-3).
6
Let g(b) be the second derivative of -b**5/20 + b**4/4 - b**3/2 + 2*b**2 + 7*b. Let z be g(3). Let r(n) = -n**3 - 6*n**2 - 5*n + 3. Calculate r(z).
3
Let p = 2 - 1. Let o(s) be the first derivative of 7*s**6/360 - s**5/60 + s**4/24 - 2*s**3 - 2. Let v(c) be the third derivative of o(c). What is v(p)?
6
Let y(s) = 7*s - 26. Let w(g) = 3*g - 11. Let z(f) = -5*w(f) + 2*y(f). Suppose -4*u = 2*v - 4*v + 12, 30 = 5*v - 5*u. Give z(v).
-3
Let s(d) be the second derivative of d - 1/2*d**2 + 1/20*d**5 + 0 - d**3 + 1/6*d**4. Let z = 25 - 29. What is s(z)?
-9
Let y be ((-36)/(-15))/(-2 + 12/5). Let a(u) = -7*u + u**3 + 0*u**3 - 5*u**2 - u. Determine a(y).
-12
Let c(z) = -2*z. Let w be 6 + -4 + (-4)/1. Give c(w).
4
Let u(y) = y**3 - y - 1. Suppose 4*v = 8, -x + 2*x + 4*v = 14. Let r(t) = -5*t**3 + 5*t + 6. Let w(m) = x*u(m) + r(m). Calculate w(-1).
0
Let m(d) be the third derivative of 1/24*d**4 + 0 + d**2 - 1/3*d**3 + 0*d. Let a(f) = f + 9. Let h be a(-7). Determine m(h).
0
Suppose -31 = -2*w - 1. Let b = 9 - w. Let p(g) = g. Let s be p(b). Let u(v) = -2*v - 7. What is u(s)?
5
Let p(i) = 9*i**3 + i - 1. Let v be 1/2 + (-50)/4. Let d = -3 - v. Let a be ((-6)/d)/((-2)/3). Calculate p(a).
9
Suppose 2*a - 6 + 16 = 0. Let n(x) = -1 + 3*x + 5 - 2*x. What is n(a)?
-1
Let r(i) = -i**2 - 5*i + 7. Let z = 7 - 4. Let q = z + -8. Determine r(q).
7
Let j(s) = -31 - 8*s - 3*s**2 + 4*s**2 + 35. What is j(5)?
-11
Let q(c) = -c**2 - c - 1. Let h(m) = 3*m**2 + 4*m + 4. Let x(l) = h(l) + 4*q(l). Let n be x(0). Let w(g) = -g**3 - 7. Give w(n).
-7
Let o(r) = 6 + 5*r**2 - 1 + 4 - 3. Let z(i) = -11*i**2 - 13. Let s(j) = 13*o(j) + 6*z(j). Let t = 0 + -2. What is s(t)?
-4
Let d be (-2)/(-8) - (-75)/(-12). Let q(z) = 15*z**2 - 23*z**2 + 2*z + 15*z**2 + 5*z + z**3 - z. Calculate q(d).
0
Suppose -3*i + 17 = -5*j + 3, 0 = 2*i - 6. Let f(k) = -2*k**3 - 4*k**3 + k + 0*k**3 + k**3. Determine f(j).
4
Let r = -12 - -18. Let d(k) = -k**3 + 5*k**2 + 7*k + 3. What is d(r)?
9
Let x(n) be the second derivative of -n**4/12 - n**3/6 + 5*n**2/2 + 8*n. What is x(-4)?
-7
Suppose 5*z + 11 = -2*f, 2*z = -3*z + 5*f - 25. Let x = z - 2. Let i(g) = 5*g**2 - 1. Let n(p) = -11*p**2 - p + 2. Let v(u) = 13*i(u) + 6*n(u). Give v(x).
4
Let c be ((-8)/10)/(2/(-25)). Let d(s) = -2 - 1 - 2 + c*s**3 + 6. Give d(1).
11
Let l(g) = g**2 + g - 2. Let t(v) = -v**2 + 7*v - 1. Let y be t(6). Let d be 1 - y - (-1 + 0). Determine l(d).
4
Let l(k) = -26 - k**2 + 11 - 6*k + 13. Determine l(-6).
-2
Let l(s) = s**2 + 11. Let d(k) = 7*k + 42. Let b be d(-6). Determine l(b).
11
Let r be (5 + -3)*(-3)/2. Let z be 1/(3 + r - 1). Let o(l) = -4*l**2. Determine o(z).
-4
Let k(u) = -3*u**2 - 20*u + 11. Let t be (-26)/(-10) + 21/(-35). Let d(l) = 11*l + 0*l + l**2 - t - 2 - 4*l. Let m(h) = 11*d(h) + 4*k(h). Determine m(-4).
-4
Let l(r) = r**3 - 2*r**2 - r + 1. Let a be 6/(-9) - 11/(-3). Calculate l(a).
7
Suppose -2*a - 3 + 7 = 0. Suppose 0 = v - a*m + 4 + 2, 2*v - 3*m = -7. Let l(y) = y**3 - 3*y**2 - 5*y - 3. Give l(v).
-7
Suppose -4*b = -2*f + 12, -5*b + 3*f = -5 + 18. Let q(c) = -c**3 - c. Let a(t) = -4*t**3 + 6*t**2 + t. Let h(k) = a(k) - 5*q(k). Calculate h(b).
-5
Let m(f) be the s